543 and 702.
39
What is the greatest common factor of 31046886 and 2574?
234
Calculate the highest common factor of 381231916 and 52.
52
What is the greatest common divisor of 4920525 and 118275?
1425
What is the highest common factor of 19061 and 1173613?
2723
Calculate the highest common divisor of 48 and 513939552.
48
What is the highest common factor of 2409848 and 575?
23
Calculate the greatest common factor of 2200132 and 121396.
1364
Calculate the greatest common divisor of 2619060 and 345.
15
Calculate the greatest common divisor of 144 and 37073634.
6
What is the highest common divisor of 13783735 and 2985?
995
What is the highest common divisor of 81597 and 1643004?
1383
What is the highest common divisor of 133929770 and 305?
305
Calculate the highest common factor of 87021 and 286605.
297
What is the highest common factor of 1457704 and 266584?
5672
What is the highest common divisor of 12786128 and 5826?
1942
Calculate the highest common divisor of 1900 and 1843988.
76
Calculate the greatest common divisor of 513 and 3143436.
57
What is the greatest common factor of 26300 and 16962900?
100
Calculate the greatest common divisor of 136770 and 54.
6
What is the greatest common factor of 5 and 809069?
1
What is the highest common divisor of 9 and 9893817?
9
Calculate the highest common factor of 230857 and 45076691.
7447
What is the greatest common divisor of 33372580 and 420?
20
What is the highest common divisor of 5755552 and 415?
83
What is the highest common divisor of 15646 and 1059727049?
7823
Calculate the greatest common divisor of 173084 and 296.
4
What is the greatest common factor of 30709439 and 92?
23
What is the greatest common divisor of 2902 and 9354597?
1451
What is the greatest common divisor of 1431 and 11238597?
477
Calculate the greatest common divisor of 31164 and 68028.
12
What is the greatest common factor of 9253 and 3131903?
19
What is the greatest common factor of 3969 and 20192949?
1323
What is the greatest common divisor of 403971 and 43248?
51
What is the greatest common factor of 1718482243 and 746?
373
What is the highest common factor of 50785943 and 299?
13
Calculate the greatest common divisor of 1130101 and 241976.
203
Calculate the highest common divisor of 32022 and 15138.
18
What is the greatest common divisor of 670015424 and 32?
32
Calculate the highest common factor of 3655 and 117113.
17
What is the highest common divisor of 103970 and 431716?
74
What is the highest common divisor of 7585740 and 2550?
510
What is the highest common divisor of 281430 and 18880?
590
What is the highest common divisor of 2644 and 1195?
1
What is the greatest common factor of 20 and 158380?
20
What is the greatest common divisor of 1757 and 68078479?
1757
Calculate the highest common divisor of 8 and 42269032.
8
Calculate the highest common factor of 4104 and 477622.
38
What is the greatest common factor of 82 and 86387902?
82
Calculate the highest common factor of 12927 and 11409.
3
Calculate the greatest common divisor of 1035108 and 564.
12
Calculate the highest common divisor of 219048 and 39168.
24
Calculate the greatest common divisor of 6264 and 19040936.
232
What is the highest common factor of 24784 and 241?
1
Calculate the greatest common divisor of 1205970296 and 16.
8
What is the greatest common factor of 54 and 84114018?
54
Calculate the greatest common factor of 4300 and 2116.
4
Calculate the greatest common divisor of 25352457 and 204.
51
Calculate the highest common factor of 16421488 and 592.
592
What is the highest common divisor of 798719504 and 16?
16
Calculate the greatest common divisor of 21 and 4762128.
21
Calculate the highest common divisor of 15795000 and 685750.
3250
Calculate the highest common divisor of 45 and 15559365.
15
What is the greatest common divisor of 43 and 377384039?
43
What is the highest common divisor of 15126335 and 615?
205
What is the greatest common factor of 3429 and 1389771?
27
What is the highest common factor of 11 and 22815749?
11
What is the greatest common factor of 1612 and 2903429?
31
What is the highest common divisor of 1745 and 21423365?
1745
What is the highest common factor of 1590 and 76140?
30
Calculate the highest common divisor of 10839958 and 16256.
254
What is the highest common factor of 100 and 2305700?
100
Calculate the highest common divisor of 253773 and 7794904.
3133
Calculate the highest common divisor of 6344096 and 998528.
8608
What is the highest common factor of 510 and 1388305?
85
Calculate the greatest common factor of 108 and 228812.
4
What is the highest common divisor of 2481 and 444183?
3
What is the highest common divisor of 11653 and 33927?
43
What is the greatest common divisor of 23 and 6161891?
1
What is the highest common divisor of 276 and 3727518?
138
Calculate the highest common divisor of 89951 and 134773.
307
What is the greatest common divisor of 486878 and 166747?
581
Calculate the greatest common factor of 602 and 179052.
86
Calculate the highest common factor of 9 and 1650190833.
9
What is the greatest common divisor of 39570329 and 2251?
2251
Calculate the greatest common factor of 8833 and 6772502.
803
What is the highest common divisor of 96264 and 18684384?
4584
Calculate the greatest common divisor of 152 and 20623607.
19
Calculate the greatest common divisor of 155601 and 11016.
1377
What is the highest common divisor of 5200 and 24426272?
208
What is the greatest common factor of 1290287511 and 3933?
3933
Calculate the highest common factor of 70112 and 48530650.
4382
What is the greatest common divisor of 88765 and 1145285?
2165
Calculate the highest common divisor of 12450 and 4413774.
498
What is the greatest common factor of 185350840 and 12?
4
Calculate the greatest common factor of 6446 and 8338.
22
Calculate the greatest common factor of 44116896 and 1776.
48
Calculate the highest common factor of 2481250 and 3000.
250
Calculate the highest common divisor of 578421 and 6948.
1737
Calculate the greatest common divisor of 137021 and 210897.
73
What is the highest common divisor of 14721 and 2330825?
4907
What is the highest common factor of 584136 and 575352?
4392
What is the greatest common factor of 63964826 and 778?
778
What is the greatest common factor of 52049 and 7291?
23
What is the highest common divisor of 8097764 and 848?
212
What is the highest common divisor of 3359 and 1736734001?
3359
What is the highest common divisor of 7833 and 1844871?
21
Calculate the highest common divisor of 195429 and 1833.
39
What is the highest common divisor of 9880 and 33860?
20
What is the greatest common factor of 33502 and 343?
7
Calculate the highest common divisor of 1782 and 919321326.
1782
Calculate the greatest common divisor of 43786584 and 18.
18
What is the greatest common factor of 5744 and 39894234?
718
Calculate the greatest common divisor of 3230297 and 1431.
53
Calculate the greatest common divisor of 2034 and 75360717.
1017
Calculate the highest common factor of 202086 and 567018.
1962
What is the highest common factor of 442325 and 1030?
5
What is the greatest common divisor of 2 and 13720339?
1
What is the greatest common factor of 51199232 and 512?
256
What is the highest common divisor of 7885025 and 850?
425
What is the highest common divisor of 436 and 38437978?
218
What is the greatest common factor of 1441374 and 33792?
66
What is the greatest common factor of 6444 and 3023310?
1074
Calculate the highest common factor of 156 and 9514674.
78
Calculate the highest common divisor of 3328 and 84121440.
416
What is the greatest common divisor of 265 and 5100349?
53
Calculate the greatest common factor of 650200 and 2440.
40
What is the greatest common factor of 16655 and 55975?
5
Calculate the greatest common divisor of 3277014 and 195.
39
What is the greatest common factor of 2490 and 14381244?
498
Calculate the greatest common divisor of 10912011 and 56518.
4037
Calculate the greatest common factor of 189863490 and 24993.
8331
Calculate the greatest common divisor of 117496 and 25.
1
What is the highest common divisor of 2508353 and 6278?
73
What is the greatest common factor of 2452937 and 496?
31
Calculate the highest common divisor of 10400 and 6002880.
2080
What is the highest